?
3
What is the tens digit of 1375?
7
What is the thousands digit of 7785?
7
What is the ten thousands digit of 41578?
4
What is the units digit of 50?
0
What is the thousands digit of 2432?
2
What is the thousands digit of 1336?
1
What is the thousands digit of 143575?
3
What is the units digit of 698?
8
What is the units digit of 25792?
2
What is the hundreds digit of 371?
3
What is the ten thousands digit of 12714?
1
What is the units digit of 15556?
6
What is the hundreds digit of 164?
1
What is the units digit of 5799?
9
What is the hundreds digit of 12851?
8
What is the thousands digit of 1892?
1
What is the units digit of 21905?
5
What is the ten thousands digit of 21483?
2
What is the units digit of 636?
6
What is the hundreds digit of 27126?
1
What is the units digit of 56?
6
What is the tens digit of 2830?
3
What is the hundreds digit of 83682?
6
What is the units digit of 1445?
5
What is the ten thousands digit of 21124?
2
What is the tens digit of 1607?
0
What is the thousands digit of 10856?
0
What is the ten thousands digit of 108989?
0
What is the hundreds digit of 9705?
7
What is the thousands digit of 1032?
1
What is the hundreds digit of 3068?
0
What is the ten thousands digit of 105499?
0
What is the units digit of 414?
4
What is the ten thousands digit of 21931?
2
What is the tens digit of 3380?
8
What is the hundreds digit of 37919?
9
What is the units digit of 48?
8
What is the units digit of 1666?
6
What is the hundreds digit of 52466?
4
What is the hundreds digit of 3096?
0
What is the units digit of 3950?
0
What is the units digit of 1142?
2
What is the hundreds digit of 1062?
0
What is the hundred thousands digit of 126279?
1
What is the tens digit of 386?
8
What is the units digit of 31752?
2
What is the hundreds digit of 1473?
4
What is the ten thousands digit of 83911?
8
What is the tens digit of 567?
6
What is the ten thousands digit of 12211?
1
What is the units digit of 705?
5
What is the thousands digit of 20785?
0
What is the tens digit of 39797?
9
What is the ten thousands digit of 17883?
1
What is the hundreds digit of 19066?
0
What is the units digit of 311?
1
What is the units digit of 287?
7
What is the units digit of 2602?
2
What is the units digit of 22123?
3
What is the ten thousands digit of 24687?
2
What is the tens digit of 4365?
6
What is the hundreds digit of 1154?
1
What is the tens digit of 2623?
2
What is the units digit of 33985?
5
What is the tens digit of 6075?
7
What is the hundreds digit of 967?
9
What is the thousands digit of 130741?
0
What is the tens digit of 1555?
5
What is the units digit of 2548?
8
What is the units digit of 774?
4
What is the hundreds digit of 41716?
7
What is the tens digit of 3478?
7
What is the units digit of 9?
9
What is the thousands digit of 3138?
3
What is the units digit of 2192?
2
What is the thousands digit of 11252?
1
What is the units digit of 23095?
5
What is the thousands digit of 32080?
2
What is the hundreds digit of 711?
7
What is the units digit of 78?
8
What is the tens digit of 16120?
2
What is the tens digit of 102401?
0
What is the tens digit of 890?
9
What is the units digit of 723?
3
What is the tens digit of 35158?
5
What is the tens digit of 988?
8
What is the tens digit of 7588?
8
What is the tens digit of 93227?
2
What is the hundreds digit of 18484?
4
What is the hundreds digit of 3762?
7
What is the thousands digit of 9600?
9
What is the units digit of 374?
4
What is the thousands digit of 3848?
3
What is the units digit of 2012?
2
What is the units digit of 36114?
4
What is the tens digit of 82042?
4
What is the thousands digit of 5357?
5
What is the hundreds digit of 6531?
5
What is the hundreds digit of 76548?
5
What is the units digit of 10124?
4
What is the units digit of 74113?
3
What is the units digit of 21066?
6
What is the hundreds digit of 55800?
8
What is the units digit of 1299?
9
What is the units digit of 16883?
3
What is the tens digit of 49?
4
What is the hundreds digit of 2597?
5
What is the thousands digit of 6710?
6
What is the units digit of 2130?
0
What is the hundreds digit of 654?
6
What is the hundreds digit of 916?
9
What is the ten thousands digit of 40334?
4
What is the hundreds digit of 46923?
9
What is the units digit of 3954?
4
What is the units digit of 61?
1
What is the ten thousands digit of 41251?
4
What is the hundreds digit of 94783?
7
What is the ten thousands digit of 10104?
1
What is the tens digit of 5108?
0
What is the ten thousands digit of 18666?
1
What is the units digit of 64?
4
What is the hundreds digit of 2180?
1
What is the tens digit of 25369?
6
What is the units digit of 13403?
3
What is the thousands digit of 2640?
2
What is the hundreds digit of 2564?
5
What is the hundreds digit of 931?
9
What is the units digit of 1635?
5
What is the hundreds digit of 79976?
9
What is the tens digit of 10?
1
What is the ten thousands digit of 60184?
6
What is the ten thousands digit of 13227?
1
What is the tens digit of 2828?
2
What is the hundreds digit of 899?
8
What is the tens digit of 13512?
1
What is the thousands digit of 7248?
7
What is the tens digit of 8285?
8
What is the units digit of 5460?
0
What is the hundred thousands digit of 147422?
1
What is the tens digit of 16204?
0
What is the hundreds digit of 6836?
8
What is the hundred thousands digit of 153306?
1
What is the tens digit of 35?
3
What is the ten thousands digit of 76289?
7
What is the ten thousands digit of 21724?
2
What is the ten thousands digit of 41867?
4
What is the thousands digit of 2626?
2
What is the ten thousands digit of 12432?
1
What is the tens digit of 17823?
2
What is the units digit of 5473?
3
What is the tens digit of 61?
6
What is the units digit of 2090?
0
What is the thousands digit of 3111?
3
What is the ten thousands digit of 15044?
1
What is the hundreds digit of 179805?
8
What is the ten thousands digit of 33540?
3
What is the tens digit of 659?
5
What is the units digit of 12236?
6
What is the thousands digit of 9671?
9
What is the hundreds digit of 1410?
4
What is the hundreds digit of 989?
9
What is the hundreds digit of 1565?
5
What is the tens digit of 8728?
2
What is the thousands digit of 35369?
5
What is the hundreds digit of 801?
8
What is the units digit of 4979?
9
What is the hundreds digit of 797?
7
What is the thousands digit of 72168?
2
What is the tens digit of 10402?
0
What is the units digit of 4485?
5
What is the hundreds digit of 764?
7
What is the hundreds digit of 5864?
8
What is the hundreds digit of 365?
3
What is the thousands digit of 2108?
2
What is the tens digit of 3458?
5
What is the units digit of 1587?
7
What is the units digit of 246?
6
What is the tens digit of 7596?
9
What is the ten thousands digit of 156195?
5
What is the units digit of 98155?
5
What is the ten thousands digit of 18501?
1
What is the ten thousands digit of 35484?
3
What is the thousands digit of 4723?
4
What is the hundreds digit of 9213?
2
What is the tens digit of 4892?
9
What is the tens digit of 2476?
7
What is the thousands digit of 18005?
8
What is the tens digit of 2286?
8
What is the hundreds digit of 101642?
6
What is the ten thousands digit of 15153?
1
What is the units digit of 8374?
4
What is the thousands digit of 6694?
6
What is the tens digit of 6418?
1
What is the thousands digit of 3358?
3
What is the tens digit of 758?
5
What is the units digit of 28315?
5
What is the ten thousands digit of 67931?
6
What is the units digit of 1612?
2
What is the thousands digit of 6990?
6
What is the hundreds digit of 1300?
3
What is the thousands digit of 1184?
1
What is the units digit of 993?
3
What is the ten thousands digit of 19940?
1
What is the hundreds digit of 27021?
0
What is the thousands digit of 23226?
3
What is the thousands digit of 6912?
6
What is the tens digit of 14495?
9
What is the hundreds digit of 3253?
2
What is the tens digit of 8493?
9
What is the units digit of 2583?
3
What is the hundreds digit of 1893?
8
What is the hundreds digit of 110567?
5
What is the units digit of 4362?
2
What is the ten thousands digit of 76338?
7
What is the ten thousands digit of 38776?
3
What is the thousands digit of 67602?
7
What is the thousands digit of 30085?
0
What is the tens digi